{"id":28,"date":"2020-08-29T01:46:52","date_gmt":"2020-08-28T23:46:52","guid":{"rendered":"https:\/\/www.konstruktiverunfug.ch\/?page_id=28"},"modified":"2023-07-19T12:50:24","modified_gmt":"2023-07-19T10:50:24","slug":"kontakt","status":"publish","type":"page","link":"https:\/\/www.konstruktiverunfug.ch\/?page_id=28","title":{"rendered":"Kontakt"},"content":{"rendered":"\n<p><\/p>\n\n\n\n<p><em>F\u00fcr Gr\u00fcsse<\/em><\/p>\n\n\n\n<p><em>F\u00fcr Tischfahrten<\/em><\/p>\n\n\n\n<p><em>F\u00fcr Fragen<\/em><\/p>\n\n\n\n<p><em>F\u00fcr neue Projekte<\/em><\/p>\n\n\n\n<p><em>F\u00fcr Workshops<\/em><\/p>\n\n\n\n<p><em>F\u00fcr Zweitmeinungen<\/em><\/p>\n\n\n\n<p><a href=\"mailto:atelier@konstruktiverunfug.ch\" data-type=\"mailto\" data-id=\"mailto:atelier@konstruktiverunfug.ch\">Post<\/a><\/p>\n\n\n\n<p><a rel=\"noreferrer noopener\" href=\"https:\/\/www.instagram.com\/woistdertisch\/\" target=\"_blank\">@woistdertisch<\/a><\/p>\n\n\n\n<p><a href=\"http:\/\/instagram.com\/belottimotors\" target=\"_blank\" rel=\"noreferrer noopener\">@belottimotors<\/a><\/p>\n","protected":false},"excerpt":{"rendered":"<p>F\u00fcr Gr\u00fcsse F\u00fcr Tischfahrten F\u00fcr Fragen F\u00fcr neue Projekte F\u00fcr Workshops F\u00fcr Zweitmeinungen Post @woistdertisch @belottimotors<\/p>\n","protected":false},"author":1,"featured_media":0,"parent":0,"menu_order":0,"comment_status":"closed","ping_status":"closed","template":"","meta":[],"_links":{"self":[{"href":"https:\/\/www.konstruktiverunfug.ch\/index.php?rest_route=\/wp\/v2\/pages\/28"}],"collection":[{"href":"https:\/\/www.konstruktiverunfug.ch\/index.php?rest_route=\/wp\/v2\/pages"}],"about":[{"href":"https:\/\/www.konstruktiverunfug.ch\/index.php?rest_route=\/wp\/v2\/types\/page"}],"author":[{"embeddable":true,"href":"https:\/\/www.konstruktiverunfug.ch\/index.php?rest_route=\/wp\/v2\/users\/1"}],"replies":[{"embeddable":true,"href":"https:\/\/www.konstruktiverunfug.ch\/index.php?rest_route=%2Fwp%2Fv2%2Fcomments&post=28"}],"version-history":[{"count":5,"href":"https:\/\/www.konstruktiverunfug.ch\/index.php?rest_route=\/wp\/v2\/pages\/28\/revisions"}],"predecessor-version":[{"id":134,"href":"https:\/\/www.konstruktiverunfug.ch\/index.php?rest_route=\/wp\/v2\/pages\/28\/revisions\/134"}],"wp:attachment":[{"href":"https:\/\/www.konstruktiverunfug.ch\/index.php?rest_route=%2Fwp%2Fv2%2Fmedia&parent=28"}],"curies":[{"name":"wp","href":"https:\/\/api.w.org\/{rel}","templated":true}]}}