{"id":45,"date":"2020-08-29T01:58:04","date_gmt":"2020-08-28T23:58:04","guid":{"rendered":"https:\/\/www.konstruktiverunfug.ch\/?page_id=45"},"modified":"2020-09-21T14:08:42","modified_gmt":"2020-09-21T12:08:42","slug":"au-vision-mark-2","status":"publish","type":"page","link":"https:\/\/www.konstruktiverunfug.ch\/?page_id=45","title":{"rendered":"Automobil"},"content":{"rendered":"<div\n\t\t\t\n\t\t\tclass=\"so-widget-sow-slider so-widget-sow-slider-default-6d39609536fd\"\n\t\t\t\n\t\t>\t\t\t\t<div class=\"sow-slider-base\" style=\"display: none\">\n\t\t\t\t\t<ul\n\t\t\t\t\tclass=\"sow-slider-images\"\n\t\t\t\t\tdata-settings=\"{&quot;pagination&quot;:true,&quot;speed&quot;:801,&quot;timeout&quot;:8000,&quot;paused&quot;:true,&quot;pause_on_hover&quot;:false,&quot;swipe&quot;:true,&quot;nav_always_show_desktop&quot;:&quot;&quot;,&quot;nav_always_show_mobile&quot;:&quot;&quot;,&quot;breakpoint&quot;:&quot;780px&quot;,&quot;unmute&quot;:false,&quot;anchor&quot;:null}\"\n\t\t\t\t\t\t\t\t\t\tdata-anchor-id=\"\"\n\t\t\t\t>\t\t<li class=\"sow-slider-image  sow-slider-image-cover\" style=\"visibility: visible;;background-image: url(https:\/\/www.konstruktiverunfug.ch\/wp-content\/uploads\/2020\/09\/Ohne-Titel-2.png)\" >\n\t\t\t\t\t\t<img width=\"2000\" height=\"1333\" src=\"https:\/\/www.konstruktiverunfug.ch\/wp-content\/uploads\/2020\/09\/Ohne-Titel-2.png\" class=\"sow-slider-background-image skip-lazy\" alt=\"\" decoding=\"async\" loading=\"eager\" style=\"\" srcset=\"https:\/\/www.konstruktiverunfug.ch\/wp-content\/uploads\/2020\/09\/Ohne-Titel-2.png 2000w, https:\/\/www.konstruktiverunfug.ch\/wp-content\/uploads\/2020\/09\/Ohne-Titel-2-300x200.png 300w, https:\/\/www.konstruktiverunfug.ch\/wp-content\/uploads\/2020\/09\/Ohne-Titel-2-1024x682.png 1024w, https:\/\/www.konstruktiverunfug.ch\/wp-content\/uploads\/2020\/09\/Ohne-Titel-2-768x512.png 768w, https:\/\/www.konstruktiverunfug.ch\/wp-content\/uploads\/2020\/09\/Ohne-Titel-2-1536x1024.png 1536w, https:\/\/www.konstruktiverunfug.ch\/wp-content\/uploads\/2020\/09\/Ohne-Titel-2-272x182.png 272w\" sizes=\"(max-width: 2000px) 100vw, 2000px\" \/>\t\t<\/li>\n\t\t\t\t<li class=\"sow-slider-image  sow-slider-image-cover\" style=\"visibility: hidden;;background-image: url(https:\/\/www.konstruktiverunfug.ch\/wp-content\/uploads\/2020\/08\/20200827_152322-scaled.jpg)\" >\n\t\t\t\t\t\t<img width=\"2560\" height=\"1440\" src=\"https:\/\/www.konstruktiverunfug.ch\/wp-content\/uploads\/2020\/08\/20200827_152322-scaled.jpg\" class=\"sow-slider-background-image skip-lazy\" alt=\"\" decoding=\"async\" loading=\"eager\" style=\"\" srcset=\"https:\/\/www.konstruktiverunfug.ch\/wp-content\/uploads\/2020\/08\/20200827_152322-scaled.jpg 2560w, https:\/\/www.konstruktiverunfug.ch\/wp-content\/uploads\/2020\/08\/20200827_152322-300x169.jpg 300w, https:\/\/www.konstruktiverunfug.ch\/wp-content\/uploads\/2020\/08\/20200827_152322-1024x576.jpg 1024w, https:\/\/www.konstruktiverunfug.ch\/wp-content\/uploads\/2020\/08\/20200827_152322-768x432.jpg 768w, https:\/\/www.konstruktiverunfug.ch\/wp-content\/uploads\/2020\/08\/20200827_152322-1536x864.jpg 1536w, https:\/\/www.konstruktiverunfug.ch\/wp-content\/uploads\/2020\/08\/20200827_152322-2048x1152.jpg 2048w\" sizes=\"(max-width: 2560px) 100vw, 2560px\" \/>\t\t<\/li>\n\t\t\t\t<li class=\"sow-slider-image  sow-slider-image-cover\" style=\"visibility: hidden;;background-image: url(https:\/\/www.konstruktiverunfug.ch\/wp-content\/uploads\/2020\/09\/20200904_183414-scaled.jpg)\" >\n\t\t\t\t\t\t<img width=\"2560\" height=\"1440\" src=\"https:\/\/www.konstruktiverunfug.ch\/wp-content\/uploads\/2020\/09\/20200904_183414-scaled.jpg\" class=\"sow-slider-background-image skip-lazy\" alt=\"\" decoding=\"async\" loading=\"eager\" style=\"\" srcset=\"https:\/\/www.konstruktiverunfug.ch\/wp-content\/uploads\/2020\/09\/20200904_183414-scaled.jpg 2560w, https:\/\/www.konstruktiverunfug.ch\/wp-content\/uploads\/2020\/09\/20200904_183414-300x169.jpg 300w, https:\/\/www.konstruktiverunfug.ch\/wp-content\/uploads\/2020\/09\/20200904_183414-1024x576.jpg 1024w, https:\/\/www.konstruktiverunfug.ch\/wp-content\/uploads\/2020\/09\/20200904_183414-768x432.jpg 768w, https:\/\/www.konstruktiverunfug.ch\/wp-content\/uploads\/2020\/09\/20200904_183414-1536x864.jpg 1536w, https:\/\/www.konstruktiverunfug.ch\/wp-content\/uploads\/2020\/09\/20200904_183414-2048x1152.jpg 2048w\" sizes=\"(max-width: 2560px) 100vw, 2560px\" \/>\t\t<\/li>\n\t\t\t\t<li class=\"sow-slider-image  sow-slider-image-cover\" style=\"visibility: hidden;;background-image: url(https:\/\/www.konstruktiverunfug.ch\/wp-content\/uploads\/2020\/09\/20200911_102121-scaled.jpg)\" >\n\t\t\t\t\t\t<img width=\"2560\" height=\"1920\" src=\"https:\/\/www.konstruktiverunfug.ch\/wp-content\/uploads\/2020\/09\/20200911_102121-scaled.jpg\" class=\"sow-slider-background-image skip-lazy\" alt=\"\" decoding=\"async\" loading=\"eager\" style=\"\" srcset=\"https:\/\/www.konstruktiverunfug.ch\/wp-content\/uploads\/2020\/09\/20200911_102121-scaled.jpg 2560w, https:\/\/www.konstruktiverunfug.ch\/wp-content\/uploads\/2020\/09\/20200911_102121-300x225.jpg 300w, https:\/\/www.konstruktiverunfug.ch\/wp-content\/uploads\/2020\/09\/20200911_102121-1024x768.jpg 1024w, https:\/\/www.konstruktiverunfug.ch\/wp-content\/uploads\/2020\/09\/20200911_102121-768x576.jpg 768w, https:\/\/www.konstruktiverunfug.ch\/wp-content\/uploads\/2020\/09\/20200911_102121-1536x1152.jpg 1536w, https:\/\/www.konstruktiverunfug.ch\/wp-content\/uploads\/2020\/09\/20200911_102121-2048x1536.jpg 2048w\" sizes=\"(max-width: 2560px) 100vw, 2560px\" \/>\t\t<\/li>\n\t\t<\/ul>\t\t\t\t<ol class=\"sow-slider-pagination\">\n\t\t\t\t\t\t\t\t\t\t\t<li><a href=\"#\" data-goto=\"0\" aria-label=\"display slide 1\"><\/a><\/li>\n\t\t\t\t\t\t\t\t\t\t\t<li><a href=\"#\" data-goto=\"1\" aria-label=\"display slide 2\"><\/a><\/li>\n\t\t\t\t\t\t\t\t\t\t\t<li><a href=\"#\" data-goto=\"2\" aria-label=\"display slide 3\"><\/a><\/li>\n\t\t\t\t\t\t\t\t\t\t\t<li><a href=\"#\" data-goto=\"3\" aria-label=\"display slide 4\"><\/a><\/li>\n\t\t\t\t\t\t\t\t\t<\/ol>\n\n\t\t\t\t<div class=\"sow-slide-nav sow-slide-nav-next\">\n\t\t\t\t\t<a href=\"#\" data-goto=\"next\" aria-label=\"next slide\" data-action=\"next\">\n\t\t\t\t\t\t<em class=\"sow-sld-icon-thin-right\"><\/em>\n\t\t\t\t\t<\/a>\n\t\t\t\t<\/div>\n\n\t\t\t\t<div class=\"sow-slide-nav sow-slide-nav-prev\">\n\t\t\t\t\t<a href=\"#\" data-goto=\"previous\" aria-label=\"previous slide\" data-action=\"prev\">\n\t\t\t\t\t\t<em class=\"sow-sld-icon-thin-left\"><\/em>\n\t\t\t\t\t<\/a>\n\t\t\t\t<\/div>\n\t\t\t\t<\/div><\/div>\n\n\n<p><em>Da ist dieses Plakat. Ich sehe es immer, wenn ich von den Ziegelh\u00f6fen in die Neubadstrasse abbiege. Es h\u00e4ngt auch an der Bushaltestelle gegen\u00fcber der Kita, und beim Dreispitz habe ich es auch schon gesehen: \u201eDie Skoda SUV Familie\u201c. Die Sport Utility Vehicle, also Stadtgel\u00e4ndewagen, Kamiq, Karoq und Kodiaq. Mein Bruder hat einen Tiguan. Das ist eigentlich dasselbe wie ein Kodiaq, beide basieren auf dem modularen Querbaukasten des VW-Konzerns. Wie auch der Audi Q3 und der Seat Ateca. Hoch sitzen, gute \u00dcbersicht, Allrad f\u00fcr die eine Fahrt in den Schnee im Jahr oder f\u00fcr den Notfall, falls ein Rad im Wald beim Parkplatz \u00fcber den Kies hinausgefahren ist und nun den Waldboden ber\u00fchrt. Sicher ist sicher. Mehr Gewicht ist auch sicher. Sicherer f\u00fcr die Insass*innen. Und wenn wir als Familie jetzt verantwortungsbewusst sein sollen \u2013 fragt sich noch gegen\u00fcber wem, wir nehmen mal uns als Familie \u2013 dann m\u00fcssen wir auch so einen SUV kaufen. Nicht unbedingt vom modularen Querbaukasten, aber auch gross und schwer. Und wenn dann alle nachgezogen sind, kaufen wir uns einen noch gr\u00f6sseren und noch schwereren. Denn unsere Sicherheit ist uns wichtig, und Masse gewinnt. Der Wunsch nach Arterhaltung kann niemandem abgeschlagen werden. Die Fussg\u00e4nger*innen und Fahrradfahrer*innen fragen wir nicht.&nbsp;<\/em><\/p>\n\n\n\n<p><em>Es ist nicht das Bild, das ich sehen m\u00f6chte. Wenn alle Autos leicht w\u00e4ren, w\u00fcrden wir uns auch ein leichtes kaufen. K\u00f6nnten wir hier nicht nochmals neu anfangen? K\u00f6nnte ein Auto f\u00fcr eine Familie nicht auch nur 100 Kilogramm schwer sein? Wie k\u00f6nnte so eine Ann\u00e4herung an das Auto von unten aussehen? K\u00f6nnten wir daf\u00fcr die Kategorie Elektrofahrrad bis an die Grenzen ausreizen? K\u00f6nnten wir uns so ein Auto dann selber bauen? Und wenn wir es haben, w\u00fcrden es dann vielleicht viele nachbauen? Vielleicht g\u00e4be es dann Fahrspuren f\u00fcr leichte Autos? Vielleicht w\u00e4ren wir dann nicht nur uns, sondern auch anderen gegen\u00fcber verantwortungsbewusst? Vielleicht k\u00f6nnte das der Anfang einer Geschichte sein, die dann von anderen weitergesponnen wird?<\/em><\/p>\n","protected":false},"excerpt":{"rendered":"<p>Da ist dieses Plakat. Ich sehe es immer, wenn ich von den Ziegelh\u00f6fen in die Neubadstrasse abbiege. Es h\u00e4ngt auch an der Bushaltestelle gegen\u00fcber der Kita, und beim Dreispitz habe ich es auch schon gesehen: \u201eDie Skoda SUV Familie\u201c. Die Sport Utility Vehicle, also Stadtgel\u00e4ndewagen, Kamiq, Karoq und Kodiaq. Mein Bruder hat einen Tiguan. Das [&hellip;]<\/p>\n","protected":false},"author":1,"featured_media":0,"parent":0,"menu_order":0,"comment_status":"closed","ping_status":"closed","template":"","meta":[],"_links":{"self":[{"href":"https:\/\/www.konstruktiverunfug.ch\/index.php?rest_route=\/wp\/v2\/pages\/45"}],"collection":[{"href":"https:\/\/www.konstruktiverunfug.ch\/index.php?rest_route=\/wp\/v2\/pages"}],"about":[{"href":"https:\/\/www.konstruktiverunfug.ch\/index.php?rest_route=\/wp\/v2\/types\/page"}],"author":[{"embeddable":true,"href":"https:\/\/www.konstruktiverunfug.ch\/index.php?rest_route=\/wp\/v2\/users\/1"}],"replies":[{"embeddable":true,"href":"https:\/\/www.konstruktiverunfug.ch\/index.php?rest_route=%2Fwp%2Fv2%2Fcomments&post=45"}],"version-history":[{"count":4,"href":"https:\/\/www.konstruktiverunfug.ch\/index.php?rest_route=\/wp\/v2\/pages\/45\/revisions"}],"predecessor-version":[{"id":131,"href":"https:\/\/www.konstruktiverunfug.ch\/index.php?rest_route=\/wp\/v2\/pages\/45\/revisions\/131"}],"wp:attachment":[{"href":"https:\/\/www.konstruktiverunfug.ch\/index.php?rest_route=%2Fwp%2Fv2%2Fmedia&parent=45"}],"curies":[{"name":"wp","href":"https:\/\/api.w.org\/{rel}","templated":true}]}}